digit of 897872?
7
What is the hundred thousands digit of 164184?
1
What is the hundreds digit of 4527811?
8
What is the hundred thousands digit of 857347?
8
What is the hundreds digit of 2102218?
2
What is the hundreds digit of 976947?
9
What is the millions digit of 1257136?
1
What is the units digit of 34822?
2
What is the millions digit of 13245968?
3
What is the units digit of 471999?
9
What is the hundreds digit of 164846?
8
What is the hundred thousands digit of 5628554?
6
What is the ten thousands digit of 2160082?
6
What is the millions digit of 33665328?
3
What is the hundred thousands digit of 942846?
9
What is the hundreds digit of 489352?
3
What is the units digit of 23670?
0
What is the units digit of 309896?
6
What is the units digit of 30280435?
5
What is the hundreds digit of 6351419?
4
What is the ten thousands digit of 625079?
2
What is the thousands digit of 7172815?
2
What is the hundred thousands digit of 698097?
6
What is the tens digit of 17976?
7
What is the hundreds digit of 158734?
7
What is the ten thousands digit of 1417940?
1
What is the hundred thousands digit of 177155?
1
What is the hundreds digit of 19898?
8
What is the millions digit of 9297087?
9
What is the ten thousands digit of 63384?
6
What is the ten thousands digit of 209054?
0
What is the units digit of 6797958?
8
What is the ten thousands digit of 6250261?
5
What is the hundred thousands digit of 9570371?
5
What is the ten thousands digit of 5735317?
3
What is the thousands digit of 971469?
1
What is the thousands digit of 165778?
5
What is the hundreds digit of 25453952?
9
What is the hundreds digit of 214318?
3
What is the millions digit of 9344446?
9
What is the millions digit of 1028159?
1
What is the hundred thousands digit of 13722985?
7
What is the tens digit of 682908?
0
What is the ten millions digit of 25018787?
2
What is the hundreds digit of 40422?
4
What is the tens digit of 724337?
3
What is the ten millions digit of 16407426?
1
What is the units digit of 520309?
9
What is the ten thousands digit of 189295?
8
What is the thousands digit of 162947?
2
What is the thousands digit of 44282?
4
What is the ten thousands digit of 1249451?
4
What is the tens digit of 27078208?
0
What is the ten thousands digit of 25595817?
9
What is the thousands digit of 98772?
8
What is the hundred thousands digit of 1696763?
6
What is the ten thousands digit of 352193?
5
What is the tens digit of 369627?
2
What is the units digit of 216981?
1
What is the millions digit of 5604860?
5
What is the hundred thousands digit of 2962947?
9
What is the millions digit of 10908024?
0
What is the thousands digit of 98802?
8
What is the thousands digit of 175725?
5
What is the ten thousands digit of 547730?
4
What is the ten thousands digit of 380516?
8
What is the hundred thousands digit of 728353?
7
What is the hundreds digit of 1154350?
3
What is the hundred thousands digit of 7449494?
4
What is the thousands digit of 20520?
0
What is the units digit of 524997?
7
What is the tens digit of 102250?
5
What is the ten thousands digit of 2653182?
5
What is the millions digit of 6276624?
6
What is the hundreds digit of 304304?
3
What is the thousands digit of 821275?
1
What is the units digit of 23280827?
7
What is the hundreds digit of 766903?
9
What is the hundreds digit of 764209?
2
What is the units digit of 126517?
7
What is the hundred thousands digit of 523220?
5
What is the thousands digit of 4994023?
4
What is the tens digit of 2906741?
4
What is the thousands digit of 1263552?
3
What is the hundreds digit of 376546?
5
What is the hundreds digit of 334462?
4
What is the ten thousands digit of 10132003?
3
What is the tens digit of 259625?
2
What is the units digit of 10100632?
2
What is the units digit of 258841?
1
What is the tens digit of 12112?
1
What is the millions digit of 11308883?
1
What is the tens digit of 2125279?
7
What is the hundreds digit of 625505?
5
What is the ten thousands digit of 24847838?
4
What is the tens digit of 4727360?
6
What is the hundred thousands digit of 3391894?
3
What is the thousands digit of 14312191?
2
What is the tens digit of 358186?
8
What is the ten thousands digit of 10307?
1
What is the hundreds digit of 1659404?
4
What is the tens digit of 168399?
9
What is the tens digit of 7283696?
9
What is the ten thousands digit of 787234?
8
What is the units digit of 6036715?
5
What is the hundreds digit of 3793?
7
What is the units digit of 87932?
2
What is the tens digit of 215882?
8
What is the units digit of 6277045?
5
What is the ten millions digit of 15427978?
1
What is the units digit of 3981623?
3
What is the units digit of 3390643?
3
What is the thousands digit of 13478252?
8
What is the hundreds digit of 4863715?
7
What is the tens digit of 3806454?
5
What is the tens digit of 9954981?
8
What is the millions digit of 32524281?
2
What is the ten thousands digit of 4386009?
8
What is the hundreds digit of 46970?
9
What is the ten thousands digit of 5665276?
6
What is the tens digit of 1026647?
4
What is the ten thousands digit of 1238992?
3
What is the hundreds digit of 47787?
7
What is the ten thousands digit of 15020791?
2
What is the hundreds digit of 6343549?
5
What is the thousands digit of 10384116?
4
What is the tens digit of 623683?
8
What is the thousands digit of 466110?
6
What is the thousands digit of 694774?
4
What is the thousands digit of 16997080?
7
What is the thousands digit of 649089?
9
What is the tens digit of 160597?
9
What is the units digit of 3415673?
3
What is the hundreds digit of 192401?
4
What is the tens digit of 3994323?
2
What is the tens digit of 931172?
7
What is the ten thousands digit of 21074937?
7
What is the tens digit of 442085?
8
What is the thousands digit of 77122?
7
What is the hundred thousands digit of 4590773?
5
What is the millions digit of 1083811?
1
What is the ten thousands digit of 252702?
5
What is the millions digit of 1402606?
1
What is the hundred thousands digit of 319713?
3
What is the thousands digit of 4187867?
7
What is the ten thousands digit of 47197?
4
What is the millions digit of 3777330?
3
What is the hundred thousands digit of 464318?
4
What is the tens digit of 446301?
0
What is the ten thousands digit of 47654?
4
What is the units digit of 2413715?
5
What is the tens digit of 762047?
4
What is the ten thousands digit of 476579?
7
What is the units digit of 2353435?
5
What is the units digit of 28313?
3
What is the tens digit of 7858395?
9
What is the thousands digit of 50372?
0
What is the units digit of 21906408?
8
What is the thousands digit of 1335342?
5
What is the hundred thousands digit of 1914135?
9
What is the ten thousands digit of 22029991?
2
What is the millions digit of 24297654?
4
What is the units digit of 662742?
2
What is the tens digit of 292019?
1
What is the hundreds digit of 12709869?
8
What is the hundreds digit of 135608?
6
What is the tens digit of 678103?
0
What is the tens digit of 171173?
7
What is the hundreds digit of 32362?
3
What is the hundreds digit of 10037411?
4
What is the units digit of 1944609?
9
What is the thousands digit of 678998?
8
What is the ten thousands digit of 4733581?
3
What is the millions digit of 10464771?
0
What is the thousands digit of 55141?
5
What is the units digit of 9657973?
3
What is the units digit of 139097?
7
What is the units digit of 688590?
0
What is the ten millions digit of 39105133?
3
What is the hundred thousands digit of 482425?
4
What is the thousands digit of 6906109?
6
What is the ten millions digit of 19823567?
1
What is the hundreds digit of 37117146?
1
What is the units digit of 3845842?
2
What is the ten thousands digit of 28078?
2
What is the tens digit of 45326?
2
What is the units digit of 51256?
6
What is the tens digit of 335007?
0
What is the ten thousands digit of 328646?
2
What is the hundreds digit of 1139139?
1
What is the units digit of 1120365?
5
What is the hundred thousands digit of 1875085?
8
What is the tens digit of 12228050?
5
What is the ten thousands digit of 489538?
8
What is the thousands digit of 3898151?
8
What is the hundreds digit of 7648502?
5
What is the hundred thousands digit of 329110?
3
What is the units digit of 882959?
9
What is the units d